373 a prime number?
True
Is 3934673 a composite number?
True
Is 467327545 prime?
False
Is 7726973 a prime number?
True
Is 609215 prime?
False
Is 435996143 a prime number?
False
Is 14407823 composite?
True
Is 992327 composite?
True
Is 57527 composite?
False
Is 193906187 a prime number?
True
Is 8139577 a composite number?
True
Is 304411 prime?
True
Is 10779029 composite?
False
Is 95281 a prime number?
False
Is 26721911 a composite number?
True
Is 9312167 composite?
False
Is 408444041 a prime number?
True
Is 92762 prime?
False
Is 1732145 a prime number?
False
Is 112368899 a prime number?
False
Is 140338109 a composite number?
False
Is 2245877 composite?
True
Is 146290786 a prime number?
False
Is 118319489 a composite number?
False
Is 168168989 a prime number?
True
Is 17963419 a composite number?
True
Is 278285569 prime?
False
Is 6345751 a composite number?
True
Is 15107801 a composite number?
True
Is 177287429 a composite number?
True
Is 9786253 a composite number?
True
Is 13503377 a prime number?
True
Is 1063288517 composite?
False
Is 9628579 a prime number?
False
Is 605694317 a composite number?
False
Is 7206571 a prime number?
False
Is 38428909 a prime number?
True
Is 63071557 composite?
False
Is 3121333 prime?
True
Is 141537191 a prime number?
True
Is 99662833 prime?
True
Is 90087 a prime number?
False
Is 22040489 a composite number?
False
Is 96371519 a composite number?
False
Is 1761733 composite?
False
Is 10373401 prime?
False
Is 1143141 prime?
False
Is 435517 prime?
False
Is 10705061 a composite number?
False
Is 2746823 composite?
True
Is 6843007 prime?
True
Is 1325954383 prime?
False
Is 4236971 a composite number?
False
Is 34437313 a composite number?
True
Is 191147231 a composite number?
True
Is 13880947 a composite number?
False
Is 88833 prime?
False
Is 8973831 composite?
True
Is 119640737 a prime number?
True
Is 604349 prime?
True
Is 4668401 a composite number?
True
Is 2838659 a composite number?
True
Is 163088833 prime?
True
Is 375904819 prime?
True
Is 6442661 a composite number?
False
Is 23137 a composite number?
True
Is 37940333 prime?
True
Is 947281 prime?
False
Is 2462513 a prime number?
True
Is 4264231 composite?
True
Is 196662967 composite?
False
Is 3595723 prime?
False
Is 25571801 a composite number?
False
Is 229074353 prime?
True
Is 17466167 prime?
True
Is 11640457 a prime number?
True
Is 209681 composite?
True
Is 5560019 prime?
True
Is 140248319 composite?
True
Is 5429209 a prime number?
True
Is 102420397 a composite number?
True
Is 2996593 a prime number?
False
Is 1890677 prime?
True
Is 4951477 a prime number?
False
Is 899546 prime?
False
Is 1023521 a prime number?
True
Is 577427 prime?
True
Is 1602787 prime?
False
Is 222823 prime?
True
Is 44115439 composite?
False
Is 90529493 a prime number?
False
Is 21370201 a prime number?
False
Is 197732203 a composite number?
True
Is 950051 a prime number?
False
Is 18463307 a composite number?
True
Is 2287661 composite?
False
Is 264113 a prime number?
True
Is 35011463 prime?
False
Is 32297 composite?
False
Is 164196817 a composite number?
False
Is 5776037 composite?
False
Is 11889569 prime?
True
Is 25799143 a prime number?
False
Is 28523857 a composite number?
False
Is 2378645 composite?
True
Is 148696991 a composite number?
False
Is 434231285 a prime number?
False
Is 17498357 a prime number?
True
Is 1024633 prime?
True
Is 23993731 a composite number?
False
Is 3456269 prime?
True
Is 113526029 prime?
True
Is 132637943 prime?
True
Is 27609737 a composite number?
False
Is 17855 composite?
True
Is 301524239 prime?
True
Is 2186189 composite?
False
Is 5632691 prime?
False
Is 32957 prime?
True
Is 156913 composite?
False
Is 9163097 a composite number?
True
Is 601722403 prime?
True
Is 1185679294 a prime number?
False
Is 14965703 composite?
False
Is 851156557 a prime number?
True
Is 6240803 prime?
False
Is 459457 composite?
True
Is 7984759 composite?
False
Is 36116359 composite?
True
Is 813343 prime?
True
Is 16837383 composite?
True
Is 177247709 a prime number?
False
Is 5893493 a prime number?
True
Is 254033223 a composite number?
True
Is 978203 a prime number?
True
Is 7349933 a composite number?
True
Is 288449383 a composite number?
True
Is 10040911 composite?
True
Is 76826549 prime?
False
Is 3968519 prime?
False
Is 381552431 a composite number?
True
Is 3091367 a prime number?
True
Is 111137717 a composite number?
True
Is 1409833 a composite number?
False
Is 485351209 a prime number?
False
Is 115302119 a composite number?
False
Is 99739207 a composite number?
True
Is 6251417 prime?
True
Is 5001809 composite?
False
Is 13023091 a composite number?
True
Is 127777301 a composite number?
True
Is 149624387 composite?
True
Is 1529321 a composite number?
True
Is 10527589 a composite number?
False
Is 103723 a prime number?
True
Is 1380653 prime?
True
Is 10578973 composite?
True
Is 1896379 composite?
True
Is 67168867 a prime number?
True
Is 11188757 prime?
True
Is 399979 a prime number?
True
Is 140849737 composite?
True
Is 27702863 a composite number?
False
Is 2029657 a prime number?
False
Is 3781837 a prime number?
False
Is 12429019 composite?
False
Is 602723413 prime?
True
Is 95147549 a composite number?
True
Is 13517201 composite?
True
Is 71153527 prime?
True
Is 421505809 a composite number?
False
Is 12777851 composite?
True
Is 5353019 a prime number?
False
Is 565379 prime?
True
Is 144605821 a prime number?
True
Is 17166593 composite?
True
Is 34253 a composite number?
False
Is 19523017 a prime number?
True
Is 53860127 composite?
False
Is 53078965 a composite number?
True
Is 1885061 prime?
False
Is 14919109 composite?
False
Is 797429 prime?
True
Is 963416681 composite?
True
Is 157359677 composite?
False
Is 683161 a prime number?
False
Is 97828205 composite?
True
Is 204703 prime?
False
Is 2267879 composite?
False
Is 1513997 composite?
True
Is 79460743 prime?
True
Is 11624503 a composite number?
True
Is 6803807 a composite number?
False
Is 21350387 prime?
True
Is 1984999 prime?
False
Is 75597581 a prime number?
True
Is 39373637 composite?
False
Is 50084987 composite?
True
Is 19775027 a prime number?
False
Is 2625785 prime?
False
Is 1010111 composite?
True
Is 106903 composite?
False
Is 365668645 prime?
False
Is 1740719 a composite number?
True
Is 89023237 a prime number?
False
Is 2512603 a prime number?
False
Is 4288729 a prime number?
True
Is 1654261 a composite number?
True
Is 5436461 a composite number?
False
Is 109526003 prime?
False
Is 4479961 prime?
False
Is 145953097 a composite number?
False
Is 2394499 composite?
False
Is 15969439 composite?
False
Is 322939403 composite?
False
Is 244591 a prime number?
False
Is 104674183 composite?
False
Is 2063359 composite?
False
Is 19379819 prime?
False
Is 19680043 prime?
True
Is 21228089 prime?
True
Is 46418335 prime?
False
Is 164327 composite?
True
Is 20768549 prime?
True
Is 33536707 prime?
True
Is 925213129 composite?
True
Is 2822731 composite?
True
Is 134205481 a composite number?
True
Is 13217731 a prime number?
True
Is 40829693 composite?
False
Is 1368761 composite?
False
Is 577661401 a composite number?
True
Is 125900857 a composite number?
False
Is 17656493 a composite number?
True
Is 91421 prime?
False
Is 3906703 a prime number?
False
Is 519439 prime?
False
Is 1146709 composite?
False
Is 11897993 prime?
True
Is 6643879 a prime number?
False
Is 602261381 a composite number?
False
Is 647861 a prime number?
True
Is 541439 composite?
False
Is 13636879 a composite number?
True
Is 237673 a composite number?
False
Is 140932411 a composite number?
False
Is 5553859 composite?
True
Is 1660661 a prime number?
True
Is 2694493 composite?
False
Is 8490101 a prime number?
True
Is 66828803 prime?
True
Is 3704873 composite?
False
Is 16087829 prime?
True
Is 32518913 a prime number?
False
Is 6520931 a composite number?
True
Is 2942389 prime?
False
Is 319182943 composite?
False
Is 10383101 a prime number?
False
Is 53260567 a composite number?
False
Is 98861617 a prime number?
False
Is 439753 a prime number?
True
Is 47877281 a composite number?
False
Is 19742969 prime?
False
Is 12207269 a prime number?
True
Is 42588041 a composite number?
True
Is 1071523 prime?
False
Is 6698009 a prime number?
True
Is 2222761 a composite number?
False
Is 13857781 a prime number?
False
